{"id":2971,"date":"2025-11-04T15:10:32","date_gmt":"2025-11-04T14:10:32","guid":{"rendered":"https:\/\/shop.ivd-sued.net\/?post_type=product&#038;p=2971"},"modified":"2025-11-04T15:12:21","modified_gmt":"2025-11-04T14:12:21","slug":"preisspiegel-gewerbeimmobilien-deutschland-2025-2026","status":"publish","type":"product","link":"https:\/\/devs.ivd-sued.net\/?product=preisspiegel-gewerbeimmobilien-deutschland-2025-2026","title":{"rendered":"Preisspiegel Gewerbeimmobilien Deutschland 2025\/2026"},"content":{"rendered":"<div id=\"ProductInfoTabs\" class=\"ui-tabs ui-widget ui-widget-content ui-corner-all epProductInfoTabs ep-js\" data-js=\"\">\n<div id=\"tab-product-description\" class=\"ui-tabs-panel ui-widget-content ui-corner-bottom\" role=\"tabpanel\" aria-labelledby=\"ui-id-1\" aria-hidden=\"false\">\n<div class=\"description\">\n<p><strong>Der Preisspiegel ist eine tabellarische Auflistung der St\u00e4dte und Gemeinden und gibt einen umfassenden \u00dcberblick \u00fcber den jeweiligen aktuellen Gewerbeimmobilienmarkt.<\/strong><\/p>\n<p><strong>Inhalt<\/strong><\/p>\n<p><strong>Baugrundpreise f\u00fcr Gewerbe- und\u00a0\u00a0 Industriefl\u00e4chen<\/strong><\/p>\n<p><strong>B\u00fcromieten<\/strong><\/p>\n<p><strong>Ladenmieten (jeweils 60 m\u00b2 \/ 150 m\u00b2)<br \/>\n<\/strong>&#8211; Gesch\u00e4ftskern 1a- und 1b-Lage<br \/>\n&#8211; Nebenkern 1a- und 1b-Lage<\/p>\n<p>Seitenanzahl: 36<\/p>\n<\/div>\n<\/div>\n<\/div>\n","protected":false},"excerpt":{"rendered":"<p>Der Preisspiegel ist eine tabellarische Auflistung der St\u00e4dte und Gemeinden und gibt einen umfassenden \u00dcberblick \u00fcber den jeweiligen aktuellen Gewerbeimmobilienmarkt. Inhalt Baugrundpreise f\u00fcr Gewerbe- und\u00a0\u00a0 Industriefl\u00e4chen B\u00fcromieten Ladenmieten (jeweils 60 m\u00b2 \/ 150 m\u00b2) &#8211; Gesch\u00e4ftskern 1a- und 1b-Lage &#8211; Nebenkern 1a- und 1b-Lage Seitenanzahl: 36<\/p>\n","protected":false},"featured_media":2974,"template":"","meta":{"_acf_changed":false},"product_brand":[],"product_cat":[37],"product_tag":[],"class_list":{"0":"post-2971","1":"product","2":"type-product","3":"status-publish","4":"has-post-thumbnail","6":"product_cat-preisspiegel","7":"product_shipping_class-broschuerenversand","9":"first","10":"instock","11":"taxable","12":"shipping-taxable","13":"purchasable","14":"product-type-variable"},"acf":[],"yoast_head":"<!-- This site is optimized with the Yoast SEO plugin v27.5 - https:\/\/yoast.com\/product\/yoast-seo-wordpress\/ -->\n<title>Preisspiegel Gewerbeimmobilien Deutschland 2025\/2026 - IVD Shop<\/title>\n<meta name=\"robots\" content=\"noindex, follow, max-snippet:-1, max-image-preview:large, max-video-preview:-1\" \/>\n<meta property=\"og:locale\" content=\"de_DE\" \/>\n<meta property=\"og:type\" content=\"article\" \/>\n<meta property=\"og:title\" content=\"Preisspiegel Gewerbeimmobilien Deutschland 2025\/2026 - IVD Shop\" \/>\n<meta property=\"og:description\" content=\"Der Preisspiegel ist eine tabellarische Auflistung der St\u00e4dte und Gemeinden und gibt einen umfassenden \u00dcberblick \u00fcber den jeweiligen aktuellen Gewerbeimmobilienmarkt. Inhalt Baugrundpreise f\u00fcr Gewerbe- und\u00a0\u00a0 Industriefl\u00e4chen B\u00fcromieten Ladenmieten (jeweils 60 m\u00b2 \/ 150 m\u00b2) &#8211; Gesch\u00e4ftskern 1a- und 1b-Lage &#8211; Nebenkern 1a- und 1b-Lage Seitenanzahl: 36\" \/>\n<meta property=\"og:url\" content=\"https:\/\/devs.ivd-sued.net\/produkt\/preisspiegel-gewerbeimmobilien-deutschland-2025-2026\/\" \/>\n<meta property=\"og:site_name\" content=\"IVD Shop\" \/>\n<meta property=\"article:modified_time\" content=\"2025-11-04T14:12:21+00:00\" \/>\n<meta property=\"og:image\" content=\"https:\/\/devs.ivd-sued.net\/wp-content\/uploads\/2025_Deutschland_Preisspiegel_Gewerbe.jpg\" \/>\n\t<meta property=\"og:image:width\" content=\"576\" \/>\n\t<meta property=\"og:image:height\" content=\"792\" \/>\n\t<meta property=\"og:image:type\" content=\"image\/jpeg\" \/>\n<meta name=\"twitter:card\" content=\"summary_large_image\" \/>\n<meta name=\"twitter:label1\" content=\"Gesch\u00e4tzte Lesezeit\" \/>\n\t<meta name=\"twitter:data1\" content=\"1\u00a0Minute\" \/>\n<script type=\"application\/ld+json\" class=\"yoast-schema-graph\">{\"@context\":\"https:\\\/\\\/schema.org\",\"@graph\":[{\"@type\":\"WebPage\",\"@id\":\"https:\\\/\\\/devs.ivd-sued.net\\\/produkt\\\/preisspiegel-gewerbeimmobilien-deutschland-2025-2026\\\/\",\"url\":\"https:\\\/\\\/devs.ivd-sued.net\\\/produkt\\\/preisspiegel-gewerbeimmobilien-deutschland-2025-2026\\\/\",\"name\":\"Preisspiegel Gewerbeimmobilien Deutschland 2025\\\/2026 - IVD Shop\",\"isPartOf\":{\"@id\":\"https:\\\/\\\/devs.ivd-sued.net\\\/#website\"},\"primaryImageOfPage\":{\"@id\":\"https:\\\/\\\/devs.ivd-sued.net\\\/produkt\\\/preisspiegel-gewerbeimmobilien-deutschland-2025-2026\\\/#primaryimage\"},\"image\":{\"@id\":\"https:\\\/\\\/devs.ivd-sued.net\\\/produkt\\\/preisspiegel-gewerbeimmobilien-deutschland-2025-2026\\\/#primaryimage\"},\"thumbnailUrl\":\"https:\\\/\\\/devs.ivd-sued.net\\\/wp-content\\\/uploads\\\/2025_Deutschland_Preisspiegel_Gewerbe.jpg\",\"datePublished\":\"2025-11-04T14:10:32+00:00\",\"dateModified\":\"2025-11-04T14:12:21+00:00\",\"breadcrumb\":{\"@id\":\"https:\\\/\\\/devs.ivd-sued.net\\\/produkt\\\/preisspiegel-gewerbeimmobilien-deutschland-2025-2026\\\/#breadcrumb\"},\"inLanguage\":\"de\",\"potentialAction\":[{\"@type\":\"ReadAction\",\"target\":[\"https:\\\/\\\/devs.ivd-sued.net\\\/produkt\\\/preisspiegel-gewerbeimmobilien-deutschland-2025-2026\\\/\"]}]},{\"@type\":\"ImageObject\",\"inLanguage\":\"de\",\"@id\":\"https:\\\/\\\/devs.ivd-sued.net\\\/produkt\\\/preisspiegel-gewerbeimmobilien-deutschland-2025-2026\\\/#primaryimage\",\"url\":\"https:\\\/\\\/devs.ivd-sued.net\\\/wp-content\\\/uploads\\\/2025_Deutschland_Preisspiegel_Gewerbe.jpg\",\"contentUrl\":\"https:\\\/\\\/devs.ivd-sued.net\\\/wp-content\\\/uploads\\\/2025_Deutschland_Preisspiegel_Gewerbe.jpg\",\"width\":576,\"height\":792},{\"@type\":\"BreadcrumbList\",\"@id\":\"https:\\\/\\\/devs.ivd-sued.net\\\/produkt\\\/preisspiegel-gewerbeimmobilien-deutschland-2025-2026\\\/#breadcrumb\",\"itemListElement\":[{\"@type\":\"ListItem\",\"position\":1,\"name\":\"Startseite\",\"item\":\"https:\\\/\\\/devs.ivd-sued.net\\\/\"},{\"@type\":\"ListItem\",\"position\":2,\"name\":\"Shop\",\"item\":\"https:\\\/\\\/devs.ivd-sued.net\\\/?page_id=16\"},{\"@type\":\"ListItem\",\"position\":3,\"name\":\"Preisspiegel Gewerbeimmobilien Deutschland 2025\\\/2026\"}]},{\"@type\":\"WebSite\",\"@id\":\"https:\\\/\\\/devs.ivd-sued.net\\\/#website\",\"url\":\"https:\\\/\\\/devs.ivd-sued.net\\\/\",\"name\":\"IVD Shop\",\"description\":\"Dokumenten-Shop\",\"publisher\":{\"@id\":\"https:\\\/\\\/devs.ivd-sued.net\\\/#organization\"},\"potentialAction\":[{\"@type\":\"SearchAction\",\"target\":{\"@type\":\"EntryPoint\",\"urlTemplate\":\"https:\\\/\\\/devs.ivd-sued.net\\\/?s={search_term_string}\"},\"query-input\":{\"@type\":\"PropertyValueSpecification\",\"valueRequired\":true,\"valueName\":\"search_term_string\"}}],\"inLanguage\":\"de\"},{\"@type\":\"Organization\",\"@id\":\"https:\\\/\\\/devs.ivd-sued.net\\\/#organization\",\"name\":\"IVD Shop\",\"url\":\"https:\\\/\\\/devs.ivd-sued.net\\\/\",\"logo\":{\"@type\":\"ImageObject\",\"inLanguage\":\"de\",\"@id\":\"https:\\\/\\\/devs.ivd-sued.net\\\/#\\\/schema\\\/logo\\\/image\\\/\",\"url\":\"https:\\\/\\\/devs.ivd-sued.net\\\/wp-content\\\/uploads\\\/Logo-IVD-Sued.png\",\"contentUrl\":\"https:\\\/\\\/devs.ivd-sued.net\\\/wp-content\\\/uploads\\\/Logo-IVD-Sued.png\",\"width\":1163,\"height\":338,\"caption\":\"IVD Shop\"},\"image\":{\"@id\":\"https:\\\/\\\/devs.ivd-sued.net\\\/#\\\/schema\\\/logo\\\/image\\\/\"}}]}<\/script>\n<!-- \/ Yoast SEO plugin. -->","yoast_head_json":{"title":"Preisspiegel Gewerbeimmobilien Deutschland 2025\/2026 - IVD Shop","robots":{"index":"noindex","follow":"follow","max-snippet":"max-snippet:-1","max-image-preview":"max-image-preview:large","max-video-preview":"max-video-preview:-1"},"og_locale":"de_DE","og_type":"article","og_title":"Preisspiegel Gewerbeimmobilien Deutschland 2025\/2026 - IVD Shop","og_description":"Der Preisspiegel ist eine tabellarische Auflistung der St\u00e4dte und Gemeinden und gibt einen umfassenden \u00dcberblick \u00fcber den jeweiligen aktuellen Gewerbeimmobilienmarkt. Inhalt Baugrundpreise f\u00fcr Gewerbe- und\u00a0\u00a0 Industriefl\u00e4chen B\u00fcromieten Ladenmieten (jeweils 60 m\u00b2 \/ 150 m\u00b2) &#8211; Gesch\u00e4ftskern 1a- und 1b-Lage &#8211; Nebenkern 1a- und 1b-Lage Seitenanzahl: 36","og_url":"https:\/\/devs.ivd-sued.net\/produkt\/preisspiegel-gewerbeimmobilien-deutschland-2025-2026\/","og_site_name":"IVD Shop","article_modified_time":"2025-11-04T14:12:21+00:00","og_image":[{"width":576,"height":792,"url":"https:\/\/devs.ivd-sued.net\/wp-content\/uploads\/2025_Deutschland_Preisspiegel_Gewerbe.jpg","type":"image\/jpeg"}],"twitter_card":"summary_large_image","twitter_misc":{"Gesch\u00e4tzte Lesezeit":"1\u00a0Minute"},"schema":{"@context":"https:\/\/schema.org","@graph":[{"@type":"WebPage","@id":"https:\/\/devs.ivd-sued.net\/produkt\/preisspiegel-gewerbeimmobilien-deutschland-2025-2026\/","url":"https:\/\/devs.ivd-sued.net\/produkt\/preisspiegel-gewerbeimmobilien-deutschland-2025-2026\/","name":"Preisspiegel Gewerbeimmobilien Deutschland 2025\/2026 - IVD Shop","isPartOf":{"@id":"https:\/\/devs.ivd-sued.net\/#website"},"primaryImageOfPage":{"@id":"https:\/\/devs.ivd-sued.net\/produkt\/preisspiegel-gewerbeimmobilien-deutschland-2025-2026\/#primaryimage"},"image":{"@id":"https:\/\/devs.ivd-sued.net\/produkt\/preisspiegel-gewerbeimmobilien-deutschland-2025-2026\/#primaryimage"},"thumbnailUrl":"https:\/\/devs.ivd-sued.net\/wp-content\/uploads\/2025_Deutschland_Preisspiegel_Gewerbe.jpg","datePublished":"2025-11-04T14:10:32+00:00","dateModified":"2025-11-04T14:12:21+00:00","breadcrumb":{"@id":"https:\/\/devs.ivd-sued.net\/produkt\/preisspiegel-gewerbeimmobilien-deutschland-2025-2026\/#breadcrumb"},"inLanguage":"de","potentialAction":[{"@type":"ReadAction","target":["https:\/\/devs.ivd-sued.net\/produkt\/preisspiegel-gewerbeimmobilien-deutschland-2025-2026\/"]}]},{"@type":"ImageObject","inLanguage":"de","@id":"https:\/\/devs.ivd-sued.net\/produkt\/preisspiegel-gewerbeimmobilien-deutschland-2025-2026\/#primaryimage","url":"https:\/\/devs.ivd-sued.net\/wp-content\/uploads\/2025_Deutschland_Preisspiegel_Gewerbe.jpg","contentUrl":"https:\/\/devs.ivd-sued.net\/wp-content\/uploads\/2025_Deutschland_Preisspiegel_Gewerbe.jpg","width":576,"height":792},{"@type":"BreadcrumbList","@id":"https:\/\/devs.ivd-sued.net\/produkt\/preisspiegel-gewerbeimmobilien-deutschland-2025-2026\/#breadcrumb","itemListElement":[{"@type":"ListItem","position":1,"name":"Startseite","item":"https:\/\/devs.ivd-sued.net\/"},{"@type":"ListItem","position":2,"name":"Shop","item":"https:\/\/devs.ivd-sued.net\/?page_id=16"},{"@type":"ListItem","position":3,"name":"Preisspiegel Gewerbeimmobilien Deutschland 2025\/2026"}]},{"@type":"WebSite","@id":"https:\/\/devs.ivd-sued.net\/#website","url":"https:\/\/devs.ivd-sued.net\/","name":"IVD Shop","description":"Dokumenten-Shop","publisher":{"@id":"https:\/\/devs.ivd-sued.net\/#organization"},"potentialAction":[{"@type":"SearchAction","target":{"@type":"EntryPoint","urlTemplate":"https:\/\/devs.ivd-sued.net\/?s={search_term_string}"},"query-input":{"@type":"PropertyValueSpecification","valueRequired":true,"valueName":"search_term_string"}}],"inLanguage":"de"},{"@type":"Organization","@id":"https:\/\/devs.ivd-sued.net\/#organization","name":"IVD Shop","url":"https:\/\/devs.ivd-sued.net\/","logo":{"@type":"ImageObject","inLanguage":"de","@id":"https:\/\/devs.ivd-sued.net\/#\/schema\/logo\/image\/","url":"https:\/\/devs.ivd-sued.net\/wp-content\/uploads\/Logo-IVD-Sued.png","contentUrl":"https:\/\/devs.ivd-sued.net\/wp-content\/uploads\/Logo-IVD-Sued.png","width":1163,"height":338,"caption":"IVD Shop"},"image":{"@id":"https:\/\/devs.ivd-sued.net\/#\/schema\/logo\/image\/"}}]}},"_links":{"self":[{"href":"https:\/\/devs.ivd-sued.net\/index.php?rest_route=\/wp\/v2\/product\/2971","targetHints":{"allow":["GET"]}}],"collection":[{"href":"https:\/\/devs.ivd-sued.net\/index.php?rest_route=\/wp\/v2\/product"}],"about":[{"href":"https:\/\/devs.ivd-sued.net\/index.php?rest_route=\/wp\/v2\/types\/product"}],"version-history":[{"count":2,"href":"https:\/\/devs.ivd-sued.net\/index.php?rest_route=\/wp\/v2\/product\/2971\/revisions"}],"predecessor-version":[{"id":2975,"href":"https:\/\/devs.ivd-sued.net\/index.php?rest_route=\/wp\/v2\/product\/2971\/revisions\/2975"}],"wp:featuredmedia":[{"embeddable":true,"href":"https:\/\/devs.ivd-sued.net\/index.php?rest_route=\/wp\/v2\/media\/2974"}],"wp:attachment":[{"href":"https:\/\/devs.ivd-sued.net\/index.php?rest_route=%2Fwp%2Fv2%2Fmedia&parent=2971"}],"wp:term":[{"taxonomy":"product_brand","embeddable":true,"href":"https:\/\/devs.ivd-sued.net\/index.php?rest_route=%2Fwp%2Fv2%2Fproduct_brand&post=2971"},{"taxonomy":"product_cat","embeddable":true,"href":"https:\/\/devs.ivd-sued.net\/index.php?rest_route=%2Fwp%2Fv2%2Fproduct_cat&post=2971"},{"taxonomy":"product_tag","embeddable":true,"href":"https:\/\/devs.ivd-sued.net\/index.php?rest_route=%2Fwp%2Fv2%2Fproduct_tag&post=2971"}],"curies":[{"name":"wp","href":"https:\/\/api.w.org\/{rel}","templated":true}]}}

<div id="ProductInfoTabs" class="ui-tabs ui-widget ui-widget-content ui-corner-all epProductInfoTabs ep-js" data-js="">
<div id="tab-product-description" class="ui-tabs-panel ui-widget-content ui-corner-bottom" role="tabpanel" aria-labelledby="ui-id-1" aria-hidden="false">
<div class="description">
<p><strong>Der Preisspiegel ist eine tabellarische Auflistung der Städte und Gemeinden und gibt einen umfassenden Überblick über den jeweiligen aktuellen Gewerbeimmobilienmarkt.</strong></p>
<p><strong>Inhalt</strong></p>
<p><strong>Baugrundpreise für Gewerbe- und   Industrieflächen</strong></p>
<p><strong>Büromieten</strong></p>
<p><strong>Ladenmieten (jeweils 60 m² / 150 m²)<br />
</strong>&#8211; Geschäftskern 1a- und 1b-Lage<br />
&#8211; Nebenkern 1a- und 1b-Lage</p>
<p>Seitenanzahl: 36</p>
</div>
</div>
</div>

<p>Der Preisspiegel ist eine tabellarische Auflistung der Städte und Gemeinden und gibt einen umfassenden Überblick über den jeweiligen aktuellen Gewerbeimmobilienmarkt. Inhalt Baugrundpreise für Gewerbe- und   Industrieflächen Büromieten Ladenmieten (jeweils 60 m² / 150 m²) &#8211; Geschäftskern 1a- und 1b-Lage &#8211; Nebenkern 1a- und 1b-Lage Seitenanzahl: 36</p>

<!-- This site is optimized with the Yoast SEO plugin v27.5 - https://yoast.com/product/yoast-seo-wordpress/ -->
<title>Preisspiegel Gewerbeimmobilien Deutschland 2025/2026 - IVD Shop</title>
<meta name="robots" content="noindex, follow, max-snippet:-1, max-image-preview:large, max-video-preview:-1" />
<meta property="og:locale" content="de_DE" />
<meta property="og:type" content="article" />
<meta property="og:title" content="Preisspiegel Gewerbeimmobilien Deutschland 2025/2026 - IVD Shop" />
<meta property="og:description" content="Der Preisspiegel ist eine tabellarische Auflistung der Städte und Gemeinden und gibt einen umfassenden Überblick über den jeweiligen aktuellen Gewerbeimmobilienmarkt. Inhalt Baugrundpreise für Gewerbe- und   Industrieflächen Büromieten Ladenmieten (jeweils 60 m² / 150 m²) &#8211; Geschäftskern 1a- und 1b-Lage &#8211; Nebenkern 1a- und 1b-Lage Seitenanzahl: 36" />
<meta property="og:url" content="https://devs.ivd-sued.net/produkt/preisspiegel-gewerbeimmobilien-deutschland-2025-2026/" />
<meta property="og:site_name" content="IVD Shop" />
<meta property="article:modified_time" content="2025-11-04T14:12:21+00:00" />
<meta property="og:image" content="https://devs.ivd-sued.net/wp-content/uploads/2025_Deutschland_Preisspiegel_Gewerbe.jpg" />
	<meta property="og:image:width" content="576" />
	<meta property="og:image:height" content="792" />
	<meta property="og:image:type" content="image/jpeg" />
<meta name="twitter:card" content="summary_large_image" />
<meta name="twitter:label1" content="Geschätzte Lesezeit" />
	<meta name="twitter:data1" content="1 Minute" />
<script type="application/ld+json" class="yoast-schema-graph">{"@context":"https:\/\/schema.org","@graph":[{"@type":"WebPage","@id":"https:\/\/devs.ivd-sued.net\/produkt\/preisspiegel-gewerbeimmobilien-deutschland-2025-2026\/","url":"https:\/\/devs.ivd-sued.net\/produkt\/preisspiegel-gewerbeimmobilien-deutschland-2025-2026\/","name":"Preisspiegel Gewerbeimmobilien Deutschland 2025\/2026 - IVD Shop","isPartOf":{"@id":"https:\/\/devs.ivd-sued.net\/#website"},"primaryImageOfPage":{"@id":"https:\/\/devs.ivd-sued.net\/produkt\/preisspiegel-gewerbeimmobilien-deutschland-2025-2026\/#primaryimage"},"image":{"@id":"https:\/\/devs.ivd-sued.net\/produkt\/preisspiegel-gewerbeimmobilien-deutschland-2025-2026\/#primaryimage"},"thumbnailUrl":"https:\/\/devs.ivd-sued.net\/wp-content\/uploads\/2025_Deutschland_Preisspiegel_Gewerbe.jpg","datePublished":"2025-11-04T14:10:32+00:00","dateModified":"2025-11-04T14:12:21+00:00","breadcrumb":{"@id":"https:\/\/devs.ivd-sued.net\/produkt\/preisspiegel-gewerbeimmobilien-deutschland-2025-2026\/#breadcrumb"},"inLanguage":"de","potentialAction":[{"@type":"ReadAction","target":["https:\/\/devs.ivd-sued.net\/produkt\/preisspiegel-gewerbeimmobilien-deutschland-2025-2026\/"]}]},{"@type":"ImageObject","inLanguage":"de","@id":"https:\/\/devs.ivd-sued.net\/produkt\/preisspiegel-gewerbeimmobilien-deutschland-2025-2026\/#primaryimage","url":"https:\/\/devs.ivd-sued.net\/wp-content\/uploads\/2025_Deutschland_Preisspiegel_Gewerbe.jpg","contentUrl":"https:\/\/devs.ivd-sued.net\/wp-content\/uploads\/2025_Deutschland_Preisspiegel_Gewerbe.jpg","width":576,"height":792},{"@type":"BreadcrumbList","@id":"https:\/\/devs.ivd-sued.net\/produkt\/preisspiegel-gewerbeimmobilien-deutschland-2025-2026\/#breadcrumb","itemListElement":[{"@type":"ListItem","position":1,"name":"Startseite","item":"https:\/\/devs.ivd-sued.net\/"},{"@type":"ListItem","position":2,"name":"Shop","item":"https:\/\/devs.ivd-sued.net\/?page_id=16"},{"@type":"ListItem","position":3,"name":"Preisspiegel Gewerbeimmobilien Deutschland 2025\/2026"}]},{"@type":"WebSite","@id":"https:\/\/devs.ivd-sued.net\/#website","url":"https:\/\/devs.ivd-sued.net\/","name":"IVD Shop","description":"Dokumenten-Shop","publisher":{"@id":"https:\/\/devs.ivd-sued.net\/#organization"},"potentialAction":[{"@type":"SearchAction","target":{"@type":"EntryPoint","urlTemplate":"https:\/\/devs.ivd-sued.net\/?s={search_term_string}"},"query-input":{"@type":"PropertyValueSpecification","valueRequired":true,"valueName":"search_term_string"}}],"inLanguage":"de"},{"@type":"Organization","@id":"https:\/\/devs.ivd-sued.net\/#organization","name":"IVD Shop","url":"https:\/\/devs.ivd-sued.net\/","logo":{"@type":"ImageObject","inLanguage":"de","@id":"https:\/\/devs.ivd-sued.net\/#\/schema\/logo\/image\/","url":"https:\/\/devs.ivd-sued.net\/wp-content\/uploads\/Logo-IVD-Sued.png","contentUrl":"https:\/\/devs.ivd-sued.net\/wp-content\/uploads\/Logo-IVD-Sued.png","width":1163,"height":338,"caption":"IVD Shop"},"image":{"@id":"https:\/\/devs.ivd-sued.net\/#\/schema\/logo\/image\/"}}]}</script>
<!-- / Yoast SEO plugin. -->

Der Preisspiegel ist eine tabellarische Auflistung der Städte und Gemeinden und gibt einen umfassenden Überblick über den jeweiligen aktuellen Gewerbeimmobilienmarkt. Inhalt Baugrundpreise für Gewerbe- und   Industrieflächen Büromieten Ladenmieten (jeweils 60 m² / 150 m²) &#8211; Geschäftskern 1a- und 1b-Lage &#8211; Nebenkern 1a- und 1b-Lage Seitenanzahl: 36
